
-156
Let p(z) = 73751*z + 1917535. Give p(-26).
9
Let a(l) = -15*l**3 - 671*l**2 - 477*l + 371. What is a(-44)?
63
Let b(t) = 162*t**2 + 2408*t - 337. Determine b(-15).
-7
Let y(f) = f**3 + 32*f**2 + 3*f - 106. Calculate y(-30).
1604
Let q(f) = 55*f - 1913. What is q(33)?
-98
Let y(t) = t**3 - 29*t**2 - 136*t + 953. Determine y(33).
821
Let x(j) = 8*j**3 + 19*j**2 - 1068*j + 802. Determine x(10).
22
Let m(j) = -12*j**3 + j**2 + 27*j - 30. Give m(1).
-14
Let t(x) = -7402*x + 414524. Calculate t(56).
12
Let n(w) = -2703*w + 834927. Determine n(309).
-300
Let t(v) = 3372*v - 10171. Calculate t(3).
-55
Let d(q) = -10*q**2 - 10*q - 37. Give d(-4).
-157
Let s(l) = -322*l - 2155. Determine s(-5).
-545
Let l(b) = -2*b**3 + 34*b**2 - 1154*b + 18150. What is l(16)?
198
Let d(p) = -p**2 - 3114*p + 12487. What is d(4)?
15
Let b(k) = 3*k**3 - 29*k**2 + 176*k - 1950. What is b(10)?
-90
Let j(z) = -7*z**3 - 95*z**2 - 135*z - 2. Determine j(-12).
34
Let l(w) = 2167627*w + 19508640. Determine l(-9).
-3
Let c(y) = -y**3 - 164*y**2 + 13. Calculate c(-164).
13
Let n(c) = 7*c**2 - 291*c + 2877. Calculate n(16).
13
Let b(i) = 4*i**3 - 4*i**2 - 123*i + 692. What is b(6)?
674
Let w(l) = -l**3 - 71*l**2 + 70*l - 383. What is w(-72)?
-239
Let h(w) = 45*w**3 - 308*w**2 - 6*w - 263. Give h(7).
38
Let x(m) = -465*m + 19164. Calculate x(35).
2889
Let l(k) = 5*k**2 + 2792*k + 51233. Determine l(-19).
-10
Let c(u) = -2*u**3 + 771*u**2 - 9318*u - 2618. Calculate c(373).
-7
Let i(x) = 5288*x + 31685. What is i(-6)?
-43
Let h(g) = -3*g**3 + 114*g**2 + 1137*g - 43265. What is h(38)?
-59
Let m(w) = 135504*w + 23442195. Determine m(-173).
3
Let s(b) = 123*b + 1222. What is s(-7)?
361
Let f(t) = -2*t**3 + 33*t**2 + 334*t - 124. What is f(22)?
1900
Let p(v) = 80*v**2 - 11121*v - 228. Give p(139).
-367
Let s(f) = -256*f + 170. Calculate s(-4).
1194
Let a(y) = 105*y + 3711. Determine a(-39).
-384
Let c(d) = d**3 - 7*d**2 - 1270*d + 11264. Give c(9).
-4
Let r(n) = -112319*n + 1347893. Determine r(12).
65
Let b(t) = -t**2 - 136*t + 7161. What is b(-176)?
121
Let r(b) = -5*b**2 + 975*b - 11828. Determine r(13).
2
Let d(g) = -55672*g - 9. Calculate d(0).
-9
Let l(p) = -3*p**2 + 67*p - 297. What is l(22)?
-275
Let m(w) = 23*w**3 - 97*w**2 + w + 22. Give m(3).
-227
Let i(f) = 10*f**3 + 217*f**2 + 111*f - 131. Give i(-21).
625
Let i(w) = -1699*w**3 + 8*w**2 + 5*w. Give i(-1).
1702
Let v(n) = 8*n**2 + 34*n + 50. Calculate v(-9).
392
Let g(v) = -142*v - 14372. Give g(-105).
538
Let c(d) = -10*d + 1947. Calculate c(67).
1277
Let d(m) = 7686*m - 15405. What is d(2)?
-33
Let u(w) = 24*w**3 + 804*w**2 + 3210*w + 6. Calculate u(-4).
-1506
Let g(q) = q**2 - 664*q - 8117. Give g(-12).
-5
Let z(n) = -n**3 - 63*n**2 - 606*n + 5604. Determine z(-48).
132
Let q(s) = -5583*s + 647623. What is q(116)?
-5
Let j(b) = -2*b**2 + 194*b - 3333. Calculate j(0).
-3333
Let h(r) = 90*r**3 - 8*r**2 - 10*r + 3. What is h(2)?
671
Let q(x) = -x**3 + 92*x**2 + 296*x - 1166. Calculate q(95).
-121
Let c(d) = d**2 - 1353*d + 136756. What is c(110)?
26
Let l(k) = 27*k**2 + 861*k - 12894. Calculate l(-43).
6
Let m(s) = s**3 + 29*s**2 + 147*s + 4325. What is m(-29)?
62
Let w(k) = -10711*k + 2227898. Calculate w(208).
10
Let k(w) = -6*w**3 + 18*w**2 - 67987*w + 67970. Calculate k(1).
-5
Let m(l) = 18*l**2 - 114*l - 15872. What is m(33)?
-32
Let y(c) = -1959*c + 64679. Determine y(33).
32
Let x(w) = -245*w**2 + 4654*w + 9. Give x(19).
-10
Let q(t) = -116*t - 4402. What is q(-38)?
6
Let n(x) = -240*x + 4245. What is n(18)?
-75
Let j(k) = 240*k - 13428. Determine j(56).
12
Let c(q) = -226*q**2 + 75709*q + 433. What is c(335)?
98
Let d(r) = 2*r**2 - 18486*r - 798610. Give d(-43).
-14
Let o(c) = c**2 + 17833*c + 53495. What is o(-3)?
5
Let w(u) = -2*u**3 - 2*u**2 + 1708*u + 8713. What is w(-5)?
373
Let a(q) = -887*q**2 - 7051*q + 363. Give a(-8).
3
Let a(d) = 2*d**2 - 1094*d - 43222. Give a(584).
-6
Let y(x) = 5090*x - 610857. Give y(120).
-57
Let p(h) = h**3 - 4*h**2 - 26934*h + 161530. Give p(6).
-2
Let t(b) = -2392*b - 4334. Calculate t(-2).
450
Let a(u) = 37*u - 546. Determine a(-10).
-916
Let o(m) = -101500*m - 202830. What is o(-2)?
170
Let k(u) = -u**2 - 10775*u - 75391. Calculate k(-7).
-15
Let n(x) = -83312*x - 2. Calculate n(0).
-2
Let r(f) = -18178*f + 6162338. Calculate r(339).
-4
Let a(j) = -1959*j**2 - 29418*j - 516. Give a(-15).
-21
Let f(i) = -25*i**2 + 171*i + 661. What is f(-4)?
-423
Let c(h) = 6146*h - 135249. What is c(22)?
-37
Let j(w) = -20*w**3 + 145*w**2 - 16*w + 69. What is j(7)?
202
Let x(s) = 4*s**3 - 31*s**2 + 12*s + 79. Determine x(10).
1099
Let t(w) = -w**3 - w**2 + 26126*w + 104464. Calculate t(-4).
8
Let x(h) = 3670*h - 36568. Calculate x(10).
132
Let i(c) = -111*c**2 + 9*c - 2251. Calculate i(0).
-2251
Let p(s) = -2086*s - 47774. What is p(-23)?
204
Let z(p) = p**3 + 9*p**2 - 67*p - 278. Calculate z(-4).
70
Let b(q) = q**3 - 137*q**2 - 14*q + 1954. What is b(137)?
36
Let h(v) = -2*v**2 - 93*v + 6833. Calculate h(40).
-87
Let j(m) = 975*m + 10049. Calculate j(-11).
-676
Let b(j) = 4320*j + 85997. Determine b(-20).
-403
Let j(o) = -43*o**2 - 440*o + 78. Determine j(-10).
178
Let y(p) = 18*p**2 + 1033*p + 332. Give y(-57).
-67
Let u(l) = -11*l**3 + 38*l**2 + 491*l + 135. Give u(-5).
5
Let c(v) = v**3 + 382*v**2 - 104*v - 39733. Calculate c(-382).
-5
Let m(f) = -2*f**3 + 102*f**2 - 846*f - 1361. Give m(40).
-1
Let u(p) = -2*p**3 - 168*p**2 + 177*p - 26. Give u(-85).
-621
Let b(a) = -86*a**2 - 3497*a - 2278. Give b(-40).
2
Let t(q) = 77464*q - 1394352. Determine t(18).
0
Let j(x) = 12*x**3 - 6*x**2 + 157*x + 327. Give j(-2).
-107
Let t(a) = -3284*a - 3756804. Determine t(-1144).
92
Let i(x) = -627*x - 285900. Determine i(-456).
12
Let y(d) = 338*d + 28794. Give y(-85).
64
Let i(l) = 1416*l - 16785. Calculate i(12).
207
Let i(h) = -5*h**2 - 349*h - 4454. Give i(-53).
-2
Let s(t) = -12*t**2 - 113*t + 101. Calculate s(-14).
-669
Let x(b) = b**3 + 28*b**2 + 493*b + 12602. Determine x(-27).
20
Let s(n) = -62*n - 14323. Determine s(-231).
-1
Let v(c) = 2*c**3 - 10294*c**2 - 185945*c - 73. What is v(-18)?
17
Let n(w) = 7540*w - 113055. What is n(15)?
45
Let v(g) = -3*g**3 - 8*g**2 - 61*g + 192. Calculate v(3).
-144
Let y(a) = -18955*a - 246401. Give y(-13).
14
Let b(i) = 858*i + 2778. Calculate b(-10).
-5802
Let g(d) = -6*d**2 - 543*d - 3369. What is g(-6)?
-327
Let w(v) = 2692*v + 26922. Calculate w(-10).
2
Let b(l) = -l**3 - 106*l**2 + 220*l + 29. What is b(-108)?
-403
Let v(r) = 1931*r - 117662. Determine v(61).
129
Let w(f) = f**3 - 38*f**2 + 165*f - 236. Give w(33).
-236
Let w(c) = 1221*c - 30521. Give w(25).
4
Let b(t) = 602*t + 6069. Calculate b(-9).
651
Let r(y) = 408*y**2 + 5306*y - 18. Determine r(-13).
-44
Let j(i) = -178*i + 11199. Calculate j(63).
-15
Let r(j) = 338*j + 48355. Determine r(-145).
-655
Let o(c) = -5*c**3 + 1063*c**2 - 636*c + 31. Calculate o(212).
31
Let m(v) = 1006*v**2 + 12061*v - 100. Calculate m(-12).
32
Let t(y) = -76*y**2 + 18378*y - 14920. Determine t(241).
22
Let y(f) = -f**3 + 247*f**2 + 741*f + 2154. What is y(250)?
-96
Let a(o) = -4803*o + 18038. Give a(3).
3629
Let l(k) = -9*k**2 - 157*k + 787. What is l(-21)?
115
Let f(h) = 64067*h - 11019525. Calculate f(172).
-1
Let b(x) = -600*x**2 - 4272*x. Calculate b(-7).
504
Let u(m) = -19502*m - 214753. Give u(-11).
-231
Let d(o) = -21*o**2 - 3216*o + 3236. Give d(1).
-1
Let d(v) = -v**3 + v**2 - 5326*v - 32206. Give d(-6).
2
Let v(x) = 20*x - 148. Give v(-16).
-468
Let t(h) = -217*h**3 + 33*h**2 - 16*h - 19. Calculate t(1).
-219
Let y(b) = -872*b + 21445. Determine y(25).
-355
Let r(o) = 4*o + 93. Determine r(-22).
5
Let c(b) = 1683*b**2 + 1621*b - 48. Give c(-1).
14
Let v(t) = -t**3 + 68*t**2 - 112*t - 936. Calculate v(66).
384
Let q(d) = 12*d**2 - 129*d - 1558. Give q(-14).
2600
Let m(s) = -3*s**3 + s - 91. Calculate m(8).
-1619
Let c(b) = -b**2 - 15197*b + 167282. Determine c(11).
-6
Let h(y) = -15*y + 95. Calculate h(17).
-160
Let u(o) = 1142*o - 7983. What is u(7)?
11
Let a(b) = 38*b**2 + 2068*b - 8266. Calculate a(4).
614
Let n(r) = -11*r**2 - 6774*r - 19011. What is n(-613)?
-8
Let x(g) = -g**3 + 3*g**2 + 125*g - 82. What is x(-7)?
-467
Let n(r) = r**3 + 203*r**2 - 1652*r - 170565. Calculate n(-207).
3
Let y(q) = -19